{"id":330,"date":"2017-08-02T05:09:01","date_gmt":"2017-08-02T05:09:01","guid":{"rendered":"http:\/\/www.caracterstudio.com\/v1\/?page_id=330"},"modified":"2017-08-09T00:52:30","modified_gmt":"2017-08-09T00:52:30","slug":"diseno-grafico","status":"publish","type":"page","link":"https:\/\/www.caracterstudio.com\/v1\/diseno-grafico\/","title":{"rendered":"Dise\u00f1o Gr\u00e1fico"},"content":{"rendered":"<p>[vc_row container_class=\u00bbcontainer\u00bb][vc_column offset=\u00bbvc_col-lg-6 vc_col-md-6 vc_col-xs-12&#8243;][vc_single_image image=\u00bb389&#8243; img_size=\u00bbfull\u00bb alignment=\u00bbcenter\u00bb][\/vc_column][vc_column offset=\u00bbvc_col-lg-6 vc_col-md-6 vc_col-xs-12&#8243;]<div class=\"ts-section-title  text-left\" style=\"color:#737373\">\r\n\t\t\t\t<h2 style=\"color:#252525;font-size:30px;\">Buscas Soluci\u00f3n para tu empresa?<\/h2><p>\u00bfBuscas la mejor soluci\u00f3n para cambiar esos dise\u00f1os con los estilos cl\u00e1sicos, rectangulares y planos?, No busques m\u00e1s, Caracter Studio le ofrece una soluci\u00f3n para creaci\u00f3n de artes para impresi\u00f3n e Internet.<\/p>\n<\/div>[vc_row_inner css=\u00bb.vc_custom_1502234703678{margin-bottom: 0px !important;}\u00bb][vc_column_inner width=\u00bb1\/2&#8243;]<div class=\"ts-service-style-2\">\r\n\t\t\t\t\t\t\t\t<span class=\"icon-service\"><i class=\"fa fa-file-image-o\"><\/i><\/span>\r\n\t\t\t\t\t\t\t\t<h2><a href=\"#\">Impresi\u00f3n e Internet<\/a><\/h2>\r\n\t\t\t\t\t\t\t\t<div class=\"description-service\"><p>Dise\u00f1os de alta calidad para impresi\u00f3n e internet. Con Caracter Studio saldr\u00e1 de esos artes cuadrados y convencionales, a artes Modernos llamando mucho la atenci\u00f3n.<\/p>\n\t\t\t<\/div>\r\n\t\t\t\t\t\t<\/div><div class=\"ts-service-style-2\">\r\n\t\t\t\t\t\t\t\t<span class=\"icon-service\"><i class=\"fa fa-barcode\"><\/i><\/span>\r\n\t\t\t\t\t\t\t\t<h2><a href=\"#\">Imagen Corporativa<\/a><\/h2>\r\n\t\t\t\t\t\t\t\t<div class=\"description-service\"><p>\u00bfTiene usted una nueva empresa? O sencillamente quiere darle una nueva cara a su compa\u00f1\u00eda?. Nosotros le damos esa soluci\u00f3n para creaci\u00f3n de imagen corporativa, la cual incluye creaci\u00f3n de logotipos, papeler\u00eda, membrete, sobres, facturas, tarjeta de presentaci\u00f3n, dise\u00f1os para art\u00edculos promocionales, entre otros.<\/p>\n\t\t\t<\/div>\r\n\t\t\t\t\t\t<\/div>[\/vc_column_inner][vc_column_inner width=\u00bb1\/2&#8243;]<div class=\"ts-service-style-2\">\r\n\t\t\t\t\t\t\t\t<span class=\"icon-service\"><i class=\"fa fa-television\"><\/i><\/span>\r\n\t\t\t\t\t\t\t\t<h2><a href=\"#\">Banners o Vallas Publicitarias<\/a><\/h2>\r\n\t\t\t\t\t\t\t\t<div class=\"description-service\"><p>Ponemos la calidad creativa en dise\u00f1os en gran tama\u00f1o. Nuestro dise\u00f1os para banners impresionaran a sus clientes y orientados espec\u00edficamente a sus necesidades.<\/p>\n\t\t\t<\/div>\r\n\t\t\t\t\t\t<\/div>[\/vc_column_inner][\/vc_row_inner][\/vc_column][\/vc_row]<\/p>\n","protected":false},"excerpt":{"rendered":"<p>[vc_row container_class=\u00bbcontainer\u00bb][vc_column offset=\u00bbvc_col-lg-6 vc_col-md-6 vc_col-xs-12&#8243;][vc_single_image image=\u00bb389&#8243; img_size=\u00bbfull\u00bb alignment=\u00bbcenter\u00bb][\/vc_column][vc_column offset=\u00bbvc_col-lg-6 vc_col-md-6 vc_col-xs-12&#8243;][vc_row_inner css=\u00bb.vc_custom_1502234703678{margin-bottom: 0px !important;}\u00bb][vc_column_inner width=\u00bb1\/2&#8243;][\/vc_column_inner][vc_column_inner width=\u00bb1\/2&#8243;][\/vc_column_inner][\/vc_row_inner][\/vc_column][\/vc_row]<\/p>\n","protected":false},"author":1,"featured_media":388,"parent":0,"menu_order":0,"comment_status":"closed","ping_status":"closed","template":"","meta":{"footnotes":""},"class_list":["post-330","page","type-page","status-publish","has-post-thumbnail","hentry"],"_links":{"self":[{"href":"https:\/\/www.caracterstudio.com\/v1\/wp-json\/wp\/v2\/pages\/330","targetHints":{"allow":["GET"]}}],"collection":[{"href":"https:\/\/www.caracterstudio.com\/v1\/wp-json\/wp\/v2\/pages"}],"about":[{"href":"https:\/\/www.caracterstudio.com\/v1\/wp-json\/wp\/v2\/types\/page"}],"author":[{"embeddable":true,"href":"https:\/\/www.caracterstudio.com\/v1\/wp-json\/wp\/v2\/users\/1"}],"replies":[{"embeddable":true,"href":"https:\/\/www.caracterstudio.com\/v1\/wp-json\/wp\/v2\/comments?post=330"}],"version-history":[{"count":5,"href":"https:\/\/www.caracterstudio.com\/v1\/wp-json\/wp\/v2\/pages\/330\/revisions"}],"predecessor-version":[{"id":392,"href":"https:\/\/www.caracterstudio.com\/v1\/wp-json\/wp\/v2\/pages\/330\/revisions\/392"}],"wp:featuredmedia":[{"embeddable":true,"href":"https:\/\/www.caracterstudio.com\/v1\/wp-json\/wp\/v2\/media\/388"}],"wp:attachment":[{"href":"https:\/\/www.caracterstudio.com\/v1\/wp-json\/wp\/v2\/media?parent=330"}],"curies":[{"name":"wp","href":"https:\/\/api.w.org\/{rel}","templated":true}]}}