{"id":336,"date":"2017-08-02T05:48:43","date_gmt":"2017-08-02T05:48:43","guid":{"rendered":"http:\/\/www.caracterstudio.com\/v1\/?page_id=336"},"modified":"2017-08-09T03:59:39","modified_gmt":"2017-08-09T03:59:39","slug":"diseno-web","status":"publish","type":"page","link":"https:\/\/www.caracterstudio.com\/v1\/diseno-web\/","title":{"rendered":"Dise\u00f1o Web"},"content":{"rendered":"<p>[vc_row container_class=\u00bbcontainer\u00bb][vc_column offset=\u00bbvc_col-lg-6 vc_col-md-6 vc_col-xs-12&#8243;][vc_single_image image=\u00bb394&#8243; img_size=\u00bbfull\u00bb alignment=\u00bbcenter\u00bb][\/vc_column][vc_column offset=\u00bbvc_col-lg-6 vc_col-md-6 vc_col-xs-12&#8243;]<div class=\"ts-section-title  text-left\" style=\"color:#737373\">\r\n\t\t\t\t<h2 style=\"color:#252525;font-size:30px;\">Internet \/ Web Site<\/h2><p>La presencia en Internet hoy en d\u00eda es una opci\u00f3n, es una necesidad que puede convertirse en su tarjeta de presentaci\u00f3n, la expansi\u00f3n de informaci\u00f3n de su negocio fuera de horas regulares de oficina, o de su nueva herramienta de ventas 24 horas.<\/p>\n<\/div>[vc_row_inner css=\u00bb.vc_custom_1502245488665{margin-bottom: 0px !important;}\u00bb][vc_column_inner width=\u00bb1\/2&#8243;]<div class=\"ts-service-style-2\">\r\n\t\t\t\t\t\t\t\t<span class=\"icon-service\"><i class=\"fa fa-laptop\"><\/i><\/span>\r\n\t\t\t\t\t\t\t\t<h2><a href=\"#\">Dise\u00f1o Web<\/a><\/h2>\r\n\t\t\t\t\t\t\t\t<div class=\"description-service\"><p>Dise\u00f1o de p\u00e1gina Web con lo ultimo en tecnolog\u00eda, ya sea para HTML o sitios Administrables, compatible para cualquier dispositivo que navega por internet: Dise\u00f1o + Registro de dominio + hospedaje + cuentas de email.<\/p>\n\t\t\t<\/div>\r\n\t\t\t\t\t\t<\/div><div class=\"ts-service-style-2\">\r\n\t\t\t\t\t\t\t\t<span class=\"icon-service\"><i class=\"fa fa-file-code-o\"><\/i><\/span>\r\n\t\t\t\t\t\t\t\t<h2><a href=\"#\">Flash Banners (Animaci\u00f3n)<\/a><\/h2>\r\n\t\t\t\t\t\t\t\t<div class=\"description-service\"><p>Los banners son lo m\u00e1s parecido a una valla publicitaria en Internet, pero mejor a\u00fan, la misma puede ser animada o interactiva, lo que brinda una gran exposici\u00f3n dentro de una pagina web publicitaria o la de su organizaci\u00f3n.<\/p>\n\t\t\t<\/div>\r\n\t\t\t\t\t\t<\/div>[\/vc_column_inner][vc_column_inner width=\u00bb1\/2&#8243;]<div class=\"ts-service-style-2\">\r\n\t\t\t\t\t\t\t\t<span class=\"icon-service\"><i class=\"fa fa-laptop\"><\/i><\/span>\r\n\t\t\t\t\t\t\t\t<h2><a href=\"#\">Mini Site<\/a><\/h2>\r\n\t\t\t\t\t\t\t\t<div class=\"description-service\"><p>Un sitio peque\u00f1o de una portada para promover de forma inmediata desde un video, un articulo o publicidad hasta que dure la promoci\u00f3n.<\/p>\n\t\t\t<\/div>\r\n\t\t\t\t\t\t<\/div><div class=\"ts-service-style-2\">\r\n\t\t\t\t\t\t\t\t<span class=\"icon-service\"><i class=\"fa fa-newspaper-o\"><\/i><\/span>\r\n\t\t\t\t\t\t\t\t<h2><a href=\"#\">Web Catalogo<\/a><\/h2>\r\n\t\t\t\t\t\t\t\t<div class=\"description-service\"><p>Es una nueva forma de llegar la informaci\u00f3n de su empresa a muchas m\u00e1s personas, y lo m\u00e1s importante de todo, sin tener que hacer gran inversi\u00f3n en costosas impresiones. Es ofrecer sus productos en un din\u00e1mico cat\u00e1logo en cualquier sitio web, mandarlo por correo o entregarlo en nuestro USB-Brochure.<\/p>\n\t\t\t<\/div>\r\n\t\t\t\t\t\t<\/div>[\/vc_column_inner][\/vc_row_inner][\/vc_column][\/vc_row]<\/p>\n","protected":false},"excerpt":{"rendered":"<p>[vc_row container_class=\u00bbcontainer\u00bb][vc_column offset=\u00bbvc_col-lg-6 vc_col-md-6 vc_col-xs-12&#8243;][vc_single_image image=\u00bb394&#8243; img_size=\u00bbfull\u00bb alignment=\u00bbcenter\u00bb][\/vc_column][vc_column offset=\u00bbvc_col-lg-6 vc_col-md-6 vc_col-xs-12&#8243;][vc_row_inner css=\u00bb.vc_custom_1502245488665{margin-bottom: 0px !important;}\u00bb][vc_column_inner width=\u00bb1\/2&#8243;][\/vc_column_inner][vc_column_inner width=\u00bb1\/2&#8243;][\/vc_column_inner][\/vc_row_inner][\/vc_column][\/vc_row]<\/p>\n","protected":false},"author":1,"featured_media":393,"parent":0,"menu_order":0,"comment_status":"closed","ping_status":"closed","template":"","meta":{"footnotes":""},"class_list":["post-336","page","type-page","status-publish","has-post-thumbnail","hentry"],"_links":{"self":[{"href":"https:\/\/www.caracterstudio.com\/v1\/wp-json\/wp\/v2\/pages\/336","targetHints":{"allow":["GET"]}}],"collection":[{"href":"https:\/\/www.caracterstudio.com\/v1\/wp-json\/wp\/v2\/pages"}],"about":[{"href":"https:\/\/www.caracterstudio.com\/v1\/wp-json\/wp\/v2\/types\/page"}],"author":[{"embeddable":true,"href":"https:\/\/www.caracterstudio.com\/v1\/wp-json\/wp\/v2\/users\/1"}],"replies":[{"embeddable":true,"href":"https:\/\/www.caracterstudio.com\/v1\/wp-json\/wp\/v2\/comments?post=336"}],"version-history":[{"count":4,"href":"https:\/\/www.caracterstudio.com\/v1\/wp-json\/wp\/v2\/pages\/336\/revisions"}],"predecessor-version":[{"id":397,"href":"https:\/\/www.caracterstudio.com\/v1\/wp-json\/wp\/v2\/pages\/336\/revisions\/397"}],"wp:featuredmedia":[{"embeddable":true,"href":"https:\/\/www.caracterstudio.com\/v1\/wp-json\/wp\/v2\/media\/393"}],"wp:attachment":[{"href":"https:\/\/www.caracterstudio.com\/v1\/wp-json\/wp\/v2\/media?parent=336"}],"curies":[{"name":"wp","href":"https:\/\/api.w.org\/{rel}","templated":true}]}}