{"id":373,"date":"2017-08-02T07:28:57","date_gmt":"2017-08-02T07:28:57","guid":{"rendered":"http:\/\/www.caracterstudio.com\/v1\/?page_id=373"},"modified":"2017-08-09T08:50:14","modified_gmt":"2017-08-09T08:50:14","slug":"servicio-de-hosting","status":"publish","type":"page","link":"https:\/\/www.caracterstudio.com\/v1\/servicio-de-hosting\/","title":{"rendered":"Servicio de Hosting"},"content":{"rendered":"<p>[vc_row container_class=\u00bbcontainer\u00bb][vc_column offset=\u00bbvc_col-lg-6 vc_col-md-6 vc_col-xs-12&#8243;]<div class=\"ts-section-title  text-left\" style=\"color:#737373\">\r\n\t\t\t\t<h2 style=\"color:#252525;font-size:30px;\">Servicio de Hosting<\/h2><p>Caracterstudio.com proporciona diferentes tipos de soluciones, nos encanta ser proveedor de \u00abtienda \u00fanica\u00bb para nuestros clientes.<\/p>\n<p>Aqu\u00ed hacemos hosting compartido, usando cPanel, el panel de control l\u00edder en la industria junto con el \u00faltimo hardware disponible.<\/p>\n<p>Podemos proporcionar servidores dedicados, cloud y servicios de colocaci\u00f3n porque tenemos nuestro propio centro de datos con su propio espacio de red IP y personal propio de soporte t\u00e9cnico, esto es algo que nos hace diferentes de otros proveedores que utilizan tercero centro de datos, red y personal.<\/p>\n<p>Debido a esto, podemos ofrecer a nuestros clientes un mejor tiempo de configuraci\u00f3n y un mejor tiempo de respuesta t\u00e9cnica.<\/p>\n<p>En Caracterstudio.com ofrecemos servicios de registro de dominios, podemos registrar casi todas las extensiones disponibles con uno de los mejores precios de la regi\u00f3n, podemos hacerlo por el alto volumen de registro y renovaci\u00f3n que tenemos.<\/p>\n<p>Junto con los servicios de registro de dominio nuestros clientes pueden registrar sus SSL (certificados de seguridad), y obtener ventaja de las cuentas de correo electr\u00f3nico gratuito con cada nombre de dominio.<\/p>\n<p>Todos los productos y servicios de Panamaserver.com son compatibles con soporte t\u00e9cnico experto en vivo 24&#215;7 a trav\u00e9s de livechat, Skype, Ticket y WhatsApp.<\/p>\n<p>Caracterstudio.com se enorgullece por el nivel de calidad de servicio que ofrecemos a nuestros clientes.<\/p>\n<\/div>[\/vc_column][vc_column offset=\u00bbvc_col-lg-6 vc_col-md-6 vc_col-xs-12&#8243;][vc_single_image image=\u00bb86&#8243; img_size=\u00bbfull\u00bb alignment=\u00bbcenter\u00bb css=\u00bb.vc_custom_1502268605354{padding-top: 60px !important;}\u00bb][vc_single_image image=\u00bb91&#8243; img_size=\u00bbfull\u00bb alignment=\u00bbcenter\u00bb][\/vc_column][\/vc_row][vc_row container_class=\u00bbcontainer\u00bb css=\u00bb.vc_custom_1420604547134{margin-bottom: 0px !important;padding-top: 100px !important;}\u00bb gmbt_prlx_bg_type=\u00bbparallax\u00bb gmbt_prlx_break_parents=\u00bb99&#8243; gmbt_prlx_video_youtube_loop_trigger=\u00bb0&#8243; gmbt_prlx_video_aspect_ratio=\u00bb16:9&#8243; gmbt_prlx_parallax=\u00bbnone\u00bb gmbt_prlx_speed=\u00bb0.3&#8243;][vc_column]<div class=\"ts-section-title  text-center\" style=\"color:#737373\">\r\n\t\t\t\t<h2 style=\"color:#252525;font-size:30px;\">Diferentes plataformas de hosting para satisfacer todas las necesidades!<\/h2><p>Cada tipo de servicio de alojamiento que proporcionamos se optimiza con ajustes \u00fanicos de rendimiento.<\/p>\n<\/div>[\/vc_column][\/vc_row][vc_row container_class=\u00bbcontainer\u00bb gmbt_prlx_bg_type=\u00bbparallax\u00bb gmbt_prlx_break_parents=\u00bb0&#8243; gmbt_prlx_video_youtube_loop_trigger=\u00bb0&#8243; gmbt_prlx_video_aspect_ratio=\u00bb16:9&#8243; gmbt_prlx_parallax=\u00bbnone\u00bb gmbt_prlx_speed=\u00bb0.3&#8243; css=\u00bb.vc_custom_1418353004562{margin-bottom: 0px !important;padding-bottom: 130px !important;}\u00bb][vc_column width=\u00bb1\/2&#8243; offset=\u00bbvc_col-lg-3 vc_col-md-3&#8243;]<div class=\"ts-pricing-table-style1 \">\r\n\t\t\t\t\t\t\t\t<div class=\"price-unit\">\r\n\t\t\t\t\t\t\t\t\t<span class=\"price\">$10.99<\/span>\r\n\t\t\t\t\t\t\t\t\t<span class=\"unit\">mensual<\/span>\r\n\t\t\t\t\t\t\t\t<\/div>\r\n\t\t\t\t\t\t\t\t<h2>Plan Basico<\/h2><\/p>\n<ul class=\"content-pricing\">\n<li>Disco de 15GB<\/li>\n<li>100GB en Ancho de Banda<\/li>\n<li>10 Cuentas de Correo<\/li>\n<li>SMTP<\/li>\n<li>POP\/IMAP<\/li>\n<li>Base de Datos ilimitado<\/li>\n<li>Subdominio ilimitado<\/li>\n<\/ul>\n<p>\n<a class=\"cta_pricing\" href=\"#\">Comprar<\/a>\r\n\t\t\t\t\t\t\t<\/div>[\/vc_column][vc_column width=\u00bb1\/2&#8243; offset=\u00bbvc_col-lg-3 vc_col-md-3&#8243;]<div class=\"ts-pricing-table-style1 \">\r\n\t\t\t\t\t\t\t\t<div class=\"price-unit\">\r\n\t\t\t\t\t\t\t\t\t<span class=\"price\">$100<\/span>\r\n\t\t\t\t\t\t\t\t\t<span class=\"unit\">anual<\/span>\r\n\t\t\t\t\t\t\t\t<\/div>\r\n\t\t\t\t\t\t\t\t<h2>Plan Micro<\/h2><\/p>\n<ul class=\"content-pricing\">\n<li>Disco de 25GB<\/li>\n<li>1TB en Ancho de Banda<\/li>\n<li>Cuentas de Correo ilimitado<\/li>\n<li>SMTP<\/li>\n<li>POP\/IMAP<\/li>\n<li id=\"product2-description\">Base de Datos MySQL Ilimitado<\/li>\n<li>Cuenta FTP ilimitado<\/li>\n<li>Subdominios ilimitado<\/li>\n<li>Protecci\u00f3n contra spam y virus<\/li>\n<\/ul>\n<p>\n<a class=\"cta_pricing\" href=\"#\">Comprar<\/a>\r\n\t\t\t\t\t\t\t<\/div>[\/vc_column][vc_column width=\u00bb1\/2&#8243; offset=\u00bbvc_col-lg-3 vc_col-md-3&#8243;]<div class=\"ts-pricing-table-style1 active\">\r\n\t\t\t\t\t\t\t\t<div class=\"price-unit\">\r\n\t\t\t\t\t\t\t\t\t<span class=\"price\">$150<\/span>\r\n\t\t\t\t\t\t\t\t\t<span class=\"unit\">anual<\/span>\r\n\t\t\t\t\t\t\t\t<\/div>\r\n\t\t\t\t\t\t\t\t<h2>Plan Standar<\/h2><\/p>\n<ul class=\"content-pricing\">\n<li>Disco 50GB<\/li>\n<li id=\"product3-description\">Ancho de Banda ilimitado<\/li>\n<li id=\"product3-description\">Cuentas de Correo Ilimitado<\/li>\n<li id=\"product3-description\">SMTP<\/li>\n<li id=\"product3-description\">POP\/IMAP<\/li>\n<li id=\"product3-description\">Base de Datos MySQL Ilimitado<\/li>\n<li>Cuenta FTP ilimitada<\/li>\n<li>Subdominio Ilimitado<\/li>\n<li>Protecci\u00f3n contra spam y virus<\/li>\n<\/ul>\n<p>\n<a class=\"cta_pricing\" href=\"#\">Comprar<\/a>\r\n\t\t\t\t\t\t\t<\/div>[\/vc_column][vc_column width=\u00bb1\/2&#8243; offset=\u00bbvc_col-lg-3 vc_col-md-3&#8243;]<div class=\"ts-pricing-table-style1 \">\r\n\t\t\t\t\t\t\t\t<div class=\"price-unit\">\r\n\t\t\t\t\t\t\t\t\t<span class=\"price\">$200<\/span>\r\n\t\t\t\t\t\t\t\t\t<span class=\"unit\">anual<\/span>\r\n\t\t\t\t\t\t\t\t<\/div>\r\n\t\t\t\t\t\t\t\t<h2>Plan Avanzado<\/h2><\/p>\n<ul class=\"content-pricing\">\n<li>Dominio GRATIS<\/li>\n<li>Disco de 50GB<\/li>\n<li id=\"product4-description\">Ancho de Banda ilimitado<\/li>\n<li id=\"product4-description\">IP Dedicado<\/li>\n<li id=\"product4-description\">Certificado de Seguridad (SSL)<\/li>\n<li id=\"product4-description\">Cuentas de Correo ilimitado<\/li>\n<li>SMTP<\/li>\n<li>POP\/IMAP<\/li>\n<li>Base de Datos MySQL ilimitado<\/li>\n<li>Cuenta FTP ilimitado<\/li>\n<li>Subdominio ilimitado<\/li>\n<li>Dominios Adicionales ilimitado<\/li>\n<li>Alias ilimitado<\/li>\n<li>Protecci\u00f3n contra spam y virus<\/li>\n<\/ul>\n<p>\n<a class=\"cta_pricing\" href=\"#\">Comprar<\/a>\r\n\t\t\t\t\t\t\t<\/div>[\/vc_column][\/vc_row]<\/p>\n","protected":false},"excerpt":{"rendered":"<p>[vc_row container_class=\u00bbcontainer\u00bb][vc_column offset=\u00bbvc_col-lg-6 vc_col-md-6 vc_col-xs-12&#8243;][\/vc_column][vc_column offset=\u00bbvc_col-lg-6 vc_col-md-6 vc_col-xs-12&#8243;][vc_single_image image=\u00bb86&#8243; img_size=\u00bbfull\u00bb alignment=\u00bbcenter\u00bb css=\u00bb.vc_custom_1502268605354{padding-top: 60px !important;}\u00bb][vc_single_image image=\u00bb91&#8243; img_size=\u00bbfull\u00bb alignment=\u00bbcenter\u00bb][\/vc_column][\/vc_row][vc_row container_class=\u00bbcontainer\u00bb css=\u00bb.vc_custom_1420604547134{margin-bottom: 0px !important;padding-top: 100px !important;}\u00bb gmbt_prlx_bg_type=\u00bbparallax\u00bb gmbt_prlx_break_parents=\u00bb99&#8243; gmbt_prlx_video_youtube_loop_trigger=\u00bb0&#8243; gmbt_prlx_video_aspect_ratio=\u00bb16:9&#8243; gmbt_prlx_parallax=\u00bbnone\u00bb gmbt_prlx_speed=\u00bb0.3&#8243;][vc_column][\/vc_column][\/vc_row][vc_row container_class=\u00bbcontainer\u00bb gmbt_prlx_bg_type=\u00bbparallax\u00bb gmbt_prlx_break_parents=\u00bb0&#8243; gmbt_prlx_video_youtube_loop_trigger=\u00bb0&#8243; gmbt_prlx_video_aspect_ratio=\u00bb16:9&#8243; gmbt_prlx_parallax=\u00bbnone\u00bb gmbt_prlx_speed=\u00bb0.3&#8243; css=\u00bb.vc_custom_1418353004562{margin-bottom: 0px !important;padding-bottom: 130px !important;}\u00bb][vc_column width=\u00bb1\/2&#8243; offset=\u00bbvc_col-lg-3 vc_col-md-3&#8243;][\/vc_column][vc_column width=\u00bb1\/2&#8243; offset=\u00bbvc_col-lg-3 vc_col-md-3&#8243;][\/vc_column][vc_column width=\u00bb1\/2&#8243; offset=\u00bbvc_col-lg-3 vc_col-md-3&#8243;][\/vc_column][vc_column width=\u00bb1\/2&#8243; offset=\u00bbvc_col-lg-3 vc_col-md-3&#8243;][\/vc_column][\/vc_row]<\/p>\n","protected":false},"author":1,"featured_media":69,"parent":0,"menu_order":0,"comment_status":"closed","ping_status":"closed","template":"","meta":{"footnotes":""},"class_list":["post-373","page","type-page","status-publish","has-post-thumbnail","hentry"],"_links":{"self":[{"href":"https:\/\/www.caracterstudio.com\/v1\/wp-json\/wp\/v2\/pages\/373","targetHints":{"allow":["GET"]}}],"collection":[{"href":"https:\/\/www.caracterstudio.com\/v1\/wp-json\/wp\/v2\/pages"}],"about":[{"href":"https:\/\/www.caracterstudio.com\/v1\/wp-json\/wp\/v2\/types\/page"}],"author":[{"embeddable":true,"href":"https:\/\/www.caracterstudio.com\/v1\/wp-json\/wp\/v2\/users\/1"}],"replies":[{"embeddable":true,"href":"https:\/\/www.caracterstudio.com\/v1\/wp-json\/wp\/v2\/comments?post=373"}],"version-history":[{"count":7,"href":"https:\/\/www.caracterstudio.com\/v1\/wp-json\/wp\/v2\/pages\/373\/revisions"}],"predecessor-version":[{"id":439,"href":"https:\/\/www.caracterstudio.com\/v1\/wp-json\/wp\/v2\/pages\/373\/revisions\/439"}],"wp:featuredmedia":[{"embeddable":true,"href":"https:\/\/www.caracterstudio.com\/v1\/wp-json\/wp\/v2\/media\/69"}],"wp:attachment":[{"href":"https:\/\/www.caracterstudio.com\/v1\/wp-json\/wp\/v2\/media?parent=373"}],"curies":[{"name":"wp","href":"https:\/\/api.w.org\/{rel}","templated":true}]}}